{"id":255,"date":"2010-12-09T12:09:31","date_gmt":"2010-12-09T15:09:31","guid":{"rendered":"http:\/\/www.viahospedagem.net\/"},"modified":"2010-12-09T16:53:57","modified_gmt":"2010-12-09T19:53:57","slug":"faq","status":"publish","type":"page","link":"https:\/\/viahospedagem.net\/novidades\/faq\/","title":{"rendered":"Perguntas Frequentes"},"content":{"rendered":"<p>Aqui voc\u00ea encontra resposta \u00e0s d\u00favidas mais frequentes de nossos clientes.<\/p>\n<p>Caso a resposta \u00e0 sua d\u00favida n\u00e3o esteja listada nesta p\u00e1gina, por favor <a title=\"Contato\" href=\"http:\/\/www.viahospedagem.net\/contato\/\">entre em contato<\/a> e responderemos com a maior rapidez poss\u00edvel.<\/p>\n<h2>Perguntas<\/h2>\n<p>Clique em qualquer pergunta e ser\u00e1 levado diretamente \u00e0 resposta correspondente.<\/p>\n<ol>\n<li><a href=\"#faq1\">Por qu\u00ea um servi\u00e7o de hospedagem?<\/a><\/li>\n<li><a href=\"#faq2\">\u00c9 caro hospedar um site?<\/a><\/li>\n<li><a href=\"#faq3\">Para qu\u00ea serve um dom\u00ednio?<\/a><\/li>\n<li><a href=\"#faq4\">O que devo levar em conta ao escolher um dom\u00ednio?<\/a><\/li>\n<li><a href=\"#faq5\">O que \u00e9 WordPress?<\/a><\/li>\n<li><a href=\"#faq6\">Qual \u00e9 o melhor plano de hospedagem para mim?<\/a><\/li>\n<\/ol>\n<h2>Respostas<\/h2>\n<p><a class=\"faqres\" name=\"faq1\">1 &#8211; Por qu\u00ea um servi\u00e7o de hospedagem?<\/a><\/p>\n<p>Se voc\u00ea j\u00e1 tem ou est\u00e1 desenvolvendo um site, ir\u00e1 precisar de um provedor de hospedagem para mant\u00ea-lo no ar. Isso significa que uma estrutura \u00e9 necess\u00e1ria para que ele esteja sempre dispon\u00edvel quanto algu\u00e9m tentar acess\u00e1-lo. N\u00f3s fornecemos essa estrutura.<\/p>\n<p><a class=\"faqres\" name=\"faq2\">2 &#8211; \u00c9 caro hospedar um site?<\/a><\/p>\n<p>N\u00e3o. Voc\u00ea pode faz\u00ea-lo a partir de 25 reais mensais, sem qualquer taxa de instala\u00e7\u00e3o ou suporte.<\/p>\n<p><a class=\"faqres\" name=\"faq3\">3 &#8211; Para qu\u00ea serve um dom\u00ednio?<\/a><\/p>\n<p>Um dom\u00ednio serve como um atalho. A Internet sobre funciona atrav\u00e9s de segu\u00eancias num\u00e9ricas (chamados IPs). Um dom\u00ednio serve para facilitar o acesso ao seu site. Ao inv\u00e9s de o visitante digitar estes n\u00fameros no navegador, ele apenas digita oseudominio.com.<\/p>\n<p><a name=\"faq4\">4 &#8211; O que devo levar em conta ao escolher um dom\u00ednio?<\/a><\/p>\n<p>Procure sempre um nome condizente ao seu site ou blog. Se ele j\u00e1 estiver registrado no .com, tente outras extens\u00f5es como .net ou .org. O dom\u00ednio ser\u00e1 importante na memoriza\u00e7\u00e3o da sua marca.<\/p>\n<p><a class=\"faqres\" name=\"faq5\">5 &#8211; O que \u00e9 WordPress?<\/a><\/p>\n<p>WordPress \u00e9 hoje um dos maiores Sistemas de Gerenciamento de Conte\u00fado (CMS) dispon\u00edveis na Internet. \u00c9 poss\u00edvel com ele voc\u00ea criar um blog ou um site sem a necessidade de program\u00e1-lo do come\u00e7o. Basta apenas instal\u00e1-lo no nosso painel de controle e sair usando, exigir\u00e1, de come\u00e7o, pouca personaliza\u00e7\u00e3o.<\/p>\n<p><a class=\"faqres\" name=\"faq6\">6 &#8211; Qual \u00e9 o melhor plano de hospedagem para mim?<\/a><\/p>\n<p>Depende da quantidade de espa\u00e7o em disco ou tr\u00e1fego mensal de dados voc\u00ea vai utilizar. Se o seu blog ou site est\u00e1 no come\u00e7o, o plano Via B\u00e1sico \u00e9 suficiente e assim o ser\u00e1 durante um tempo. Se o seu site j\u00e1 existe e tem um n\u00famero de visitas di\u00e1rias um pouco maior, entre em contato conosco para batermos um papo e acharmos o plano mais adequado as suas necessidades!<\/p>\n","protected":false},"excerpt":{"rendered":"<p>Aqui voc\u00ea encontra resposta \u00e0s d\u00favidas mais frequentes de nossos clientes. Caso a resposta \u00e0 sua d\u00favida n\u00e3o esteja listada nesta p\u00e1gina, por favor entre em contato e responderemos com a maior rapidez poss\u00edvel. Perguntas Clique em qualquer pergunta e ser\u00e1 levado diretamente \u00e0 resposta correspondente. Por qu\u00ea um servi\u00e7o de hospedagem? \u00c9 caro hospedar [&hellip;]<\/p>\n","protected":false},"author":3,"featured_media":0,"parent":0,"menu_order":0,"comment_status":"closed","ping_status":"closed","template":"","meta":{"footnotes":""},"class_list":["post-255","page","type-page","status-publish","hentry"],"jetpack_sharing_enabled":true,"_links":{"self":[{"href":"https:\/\/viahospedagem.net\/novidades\/wp-json\/wp\/v2\/pages\/255","targetHints":{"allow":["GET"]}}],"collection":[{"href":"https:\/\/viahospedagem.net\/novidades\/wp-json\/wp\/v2\/pages"}],"about":[{"href":"https:\/\/viahospedagem.net\/novidades\/wp-json\/wp\/v2\/types\/page"}],"author":[{"embeddable":true,"href":"https:\/\/viahospedagem.net\/novidades\/wp-json\/wp\/v2\/users\/3"}],"replies":[{"embeddable":true,"href":"https:\/\/viahospedagem.net\/novidades\/wp-json\/wp\/v2\/comments?post=255"}],"version-history":[{"count":0,"href":"https:\/\/viahospedagem.net\/novidades\/wp-json\/wp\/v2\/pages\/255\/revisions"}],"wp:attachment":[{"href":"https:\/\/viahospedagem.net\/novidades\/wp-json\/wp\/v2\/media?parent=255"}],"curies":[{"name":"wp","href":"https:\/\/api.w.org\/{rel}","templated":true}]}}